65.21.1.60 - - [22/Jan/2026:15:34:50 +0100] "POST /wp-cron.php?doing_wp_cron=1769092490.8132660388946533203125 HTTP/1.1" 200 20 "-" "WordPress/6.9; https://tswangoenergy.com"
198.244.168.154 - - [22/Jan/2026:15:34:46 +0100] "GET /wahrscheinlichkeiten-klug-nutzen-im-playjango-casino/ HTTP/2" 200 11313 "-" "Mozilla/5.0 (compatible; AhrefsBot/7.0; +http://ahrefs.com/robot/)"
116.179.32.175 - - [22/Jan/2026:15:38:24 +0100] "GET /?p=1638 HTTP/1.1" 301 20 "-" "Mozilla/5.0 (compatible; Baiduspider/2.0; +http://www.baidu.com/search/spider.html)"
107.152.46.252 - - [22/Jan/2026:15:41:19 +0100] "GET /como-a-ciencia-da-probabilidade-potencializa-ganhos-no-4playbet-casino/ HTTP/1.1" 200 13796 "https://tswangoenergy.com/" "Mozilla/5.0 (X11; Linux x86_64) AppleWebKit/537.36 (KHTML, like Gecko) Chrome/114.0.0.0 Safari/537.36 Vivaldi/5.3.2679.68"
65.21.1.60 - - [22/Jan/2026:15:41:23 +0100] "POST /wp-cron.php?doing_wp_cron=1769092883.3486099243164062500000 HTTP/1.1" 200 20 "-" "WordPress/6.9; https://tswangoenergy.com"
107.152.46.252 - - [22/Jan/2026:15:41:24 +0100] "GET /como-a-ciencia-da-probabilidade-potencializa-ganhos-no-4playbet-casino/ HTTP/1.1" 200 13796 "-" "Mozilla/5.0 (X11; Linux x86_64) AppleWebKit/537.36 (KHTML, like Gecko) Chrome/114.0.0.0 Safari/537.36 Vivaldi/5.3.2679.68"
107.189.18.44 - - [22/Jan/2026:15:45:20 +0100] "POST /wp-comments-post.php HTTP/1.1" 200 68 "https://tswangoenergy.com/free-spin-casino-probabilites-et-jeux-pour-le-succes/" "Mozilla/5.0 (X11; Linux x86_64) AppleWebKit/537.36 (KHTML, like Gecko) Chrome/114.0.0.0 Safari/537.36"
65.21.1.60 - - [22/Jan/2026:15:45:27 +0100] "POST /wp-admin/admin-ajax.php?action=async_litespeed&nonce=Q0L4lsfEHe8gm8lUeNsxuEY404uyBW9v&litespeed_type=imgoptm HTTP/1.1" 200 21 "-" "WordPress/6.9; https://tswangoenergy.com"
104.194.152.241 - - [22/Jan/2026:15:45:53 +0100] "GET /teoria-da-probabilidade-o-caminho-para-vitorias-no-playpix-casino/ HTTP/1.1" 200 13829 "-" "Mozilla/5.0 (X11; Linux x86_64) AppleWebKit/537.36 (KHTML, like Gecko) Chrome/114.0.0.0 Safari/537.36 Vivaldi/5.3.2679.68"
74.7.242.56 - - [22/Jan/2026:15:14:00 +0100] "GET /?fileloc=%2F%2Fproc%2F3601067%2Froot%2Fbin%2Ftaskset&path=%2F%2Fproc%2F3601067%2Froot%2Fbin HTTP/2" 200 218765 "https://tswangoenergy.com/?fileloc=%2F%2Fproc%2F3601067%2Froot%2Fbin%2Ftaskset&path=%2F%2Fproc%2F3601067%2Froot%2Fbin" "Mozilla/5.0 AppleWebKit/537.36 (KHTML, like Gecko; compatible; GPTBot/1.3; +https://openai.com/gptbot)"
74.7.242.56 - - [22/Jan/2026:15:14:28 +0100] "GET /?fileloc=%2F%2Fproc%2F3601067%2Froot%2Fbin%2Fautoscan&path=%2F%2Fproc%2F3601067%2Froot%2Fbin HTTP/2" 200 218763 "https://tswangoenergy.com/?fileloc=%2F%2Fproc%2F3601067%2Froot%2Fbin%2Fautoscan&path=%2F%2Fproc%2F3601067%2Froot%2Fbin" "Mozilla/5.0 AppleWebKit/537.36 (KHTML, like Gecko; compatible; GPTBot/1.3; +https://openai.com/gptbot)"
74.7.242.56 - - [22/Jan/2026:15:15:10 +0100] "GET /?fileloc=%2F%2Fproc%2F3601067%2Froot%2Fusr%2Finclude%2Fcrypt.h&path=%2F%2Fproc%2F3601067%2Froot%2Fusr%2Finclude HTTP/2" 200 218763 "https://tswangoenergy.com/?fileloc=%2F%2Fproc%2F3601067%2Froot%2Fusr%2Finclude%2Fcrypt.h&path=%2F%2Fproc%2F3601067%2Froot%2Fusr%2Finclude" "Mozilla/5.0 AppleWebKit/537.36 (KHTML, like Gecko; compatible; GPTBot/1.3; +https://openai.com/gptbot)"
65.21.1.60 - - [22/Jan/2026:15:19:14 +0100] "POST /wp-cron.php?doing_wp_cron=1769091554.5961239337921142578125 HTTP/1.1" 200 20 "-" "WordPress/6.9; https://tswangoenergy.com"
65.21.1.60 - - [22/Jan/2026:15:26:12 +0100] "GET / HTTP/1.1" 200 68 "-" "Python/3.11 aiohttp/3.9.2"
65.21.1.60 - - [22/Jan/2026:15:27:53 +0100] "POST /wp-cron.php?doing_wp_cron=1769092072.5668649673461914062500 HTTP/1.1" 200 20 "-" "WordPress/6.9; https://tswangoenergy.com"
198.244.240.14 - - [22/Jan/2026:15:29:58 +0100] "GET /wp-sitemap-taxonomies-category-1.xml HTTP/2" 200 479 "-" "Mozilla/5.0 (compatible; AhrefsBot/7.0; +http://ahrefs.com/robot/)"
54.38.147.194 - - [22/Jan/2026:15:44:14 +0100] "GET /como-as-odds-moldam-a-experiencia-no-oshcasino/ HTTP/2" 200 11313 "-" "Mozilla/5.0 (compatible; AhrefsBot/7.0; +http://ahrefs.com/robot/)"
65.21.1.60 - - [22/Jan/2026:15:18:32 +0100] "POST /wp-admin/admin-ajax.php?action=async_litespeed&nonce=reyOMIvc7Np8266byl74z2tWvz6w0XlU&litespeed_type=imgoptm HTTP/1.1" 200 21 "-" "WordPress/6.9; https://tswangoenergy.com"
107.152.46.79 - - [22/Jan/2026:15:21:20 +0100] "GET /os-segredos-matematicos-do-leaowin02-uma-analise-detalhada/ HTTP/1.1" 200 68 "https://tswangoenergy.com/" "Mozilla/5.0 (Windows NT 10.0; Win64; x64) AppleWebKit/537.36 (KHTML, like Gecko) Chrome/114.0.0.0 Safari/537.36"
116.179.32.34 - - [22/Jan/2026:15:25:46 +0100] "GET /wp-json/oembed/1.0/embed?url=https%3A%2F%2Ftswangoenergy.com%2Fstrategies-basees-sur-les-stats-pour-gagner-a-bassbet%2F&format=xml HTTP/1.1" 200 1158 "-" "Mozilla/5.0 (compatible; Baiduspider/2.0; +http://www.baidu.com/search/spider.html)"
74.7.242.56 - - [22/Jan/2026:15:28:54 +0100] "GET /?fileloc=%2F%2Fusr%2Flib64%2Fpython3.9%2Femail%2Fparser.py&path=%2F%2Fusr%2Flib64%2Fpython3.9%2Femail HTTP/2" 200 218763 "https://tswangoenergy.com/?fileloc=%2F%2Fusr%2Flib64%2Fpython3.9%2Femail%2Fparser.py&path=%2F%2Fusr%2Flib64%2Fpython3.9%2Femail" "Mozilla/5.0 AppleWebKit/537.36 (KHTML, like Gecko; compatible; GPTBot/1.3; +https://openai.com/gptbot)"
74.7.242.56 - - [22/Jan/2026:15:29:25 +0100] "GET /?fileloc=%2F%2Flib64%2Fpython3.9%2F__pycache__%2Fformatter.cpython-39.opt-2.pyc&path=%2F%2Flib64%2Fpython3.9%2F__pycache__ HTTP/2" 200 218763 "https://tswangoenergy.com/?fileloc=%2F%2Flib64%2Fpython3.9%2F__pycache__%2Fformatter.cpython-39.opt-2.pyc&path=%2F%2Flib64%2Fpython3.9%2F__pycache__" "Mozilla/5.0 AppleWebKit/537.36 (KHTML, like Gecko; compatible; GPTBot/1.3; +https://openai.com/gptbot)"
198.244.242.18 - - [22/Jan/2026:15:29:48 +0100] "GET /wp-sitemap.xml HTTP/2" 200 201 "-" "Mozilla/5.0 (compatible; AhrefsBot/7.0; +http://ahrefs.com/robot/)"
198.244.183.206 - - [22/Jan/2026:15:29:55 +0100] "GET /wp-sitemap-posts-page-1.xml HTTP/2" 200 321 "-" "Mozilla/5.0 (compatible; AhrefsBot/7.0; +http://ahrefs.com/robot/)"
51.195.183.89 - - [22/Jan/2026:15:30:02 +0100] "GET /wp-sitemap-taxonomies-post_tag-1.xml HTTP/2" 200 351 "-" "Mozilla/5.0 (compatible; AhrefsBot/7.0; +http://ahrefs.com/robot/)"
198.244.183.215 - - [22/Jan/2026:15:30:05 +0100] "GET /wp-sitemap-users-1.xml HTTP/2" 200 159 "-" "Mozilla/5.0 (compatible; AhrefsBot/7.0; +http://ahrefs.com/robot/)"
96.9.211.214 - - [22/Jan/2026:15:30:55 +0100] "GET /como-dominar-a-teoria-da-probabilidade-no-f12br-casino/ HTTP/1.1" 200 13817 "-" "Mozilla/5.0 (X11; Linux x86_64) AppleWebKit/537.36 (KHTML, like Gecko) Chrome/114.0.0.0 Safari/537.36 Vivaldi/5.3.2679.68"
65.21.1.60 - - [22/Jan/2026:15:37:23 +0100] "POST /wp-cron.php?doing_wp_cron=1769092643.3878800868988037109375 HTTP/1.1" 200 20 "-" "WordPress/6.9; https://tswangoenergy.com"
198.244.226.14 - - [22/Jan/2026:15:37:18 +0100] "GET /die-wissenschaft-der-wahrscheinlichkeiten-im-platincasino/ HTTP/2" 200 11313 "-" "Mozilla/5.0 (compatible; AhrefsBot/7.0; +http://ahrefs.com/robot/)"
198.244.242.69 - - [22/Jan/2026:15:39:50 +0100] "GET /optimiser-ses-performances-sur-1xbet-casino-avec-les-probabilites/ HTTP/2" 200 11313 "-" "Mozilla/5.0 (compatible; AhrefsBot/7.0; +http://ahrefs.com/robot/)"
107.152.46.252 - - [22/Jan/2026:15:41:20 +0100] "POST /wp-comments-post.php HTTP/1.1" 200 68 "https://tswangoenergy.com/como-a-ciencia-da-probabilidade-potencializa-ganhos-no-4playbet-casino/" "Mozilla/5.0 (X11; Linux x86_64) AppleWebKit/537.36 (KHTML, like Gecko) Chrome/114.0.0.0 Safari/537.36 Vivaldi/5.3.2679.68"
65.21.1.60 - - [22/Jan/2026:15:41:26 +0100] "POST /wp-admin/admin-ajax.php?action=async_litespeed&nonce=EhiUd0TLXi4BSGfcF7xAvNBMmgeNhnnn&litespeed_type=imgoptm HTTP/1.1" 200 21 "-" "WordPress/6.9; https://tswangoenergy.com"
54.38.147.8 - - [22/Jan/2026:15:46:17 +0100] "GET /maitriser-la-theorie-des-probabilites-pour-exceller-sur-vbet-casino/ HTTP/2" 200 11313 "-" "Mozilla/5.0 (compatible; AhrefsBot/7.0; +http://ahrefs.com/robot/)"
65.21.1.60 - - [22/Jan/2026:15:56:19 +0100] "POST /wp-admin/admin-ajax.php?action=async_litespeed&nonce=n1qAQS5T3kBTfvpF8SWmBs0SVAXC56PO&litespeed_type=imgoptm HTTP/1.1" 200 21 "-" "WordPress/6.9; https://tswangoenergy.com"
107.189.18.44 - - [22/Jan/2026:15:49:17 +0100] "GET /free-spin-casino-probabilites-et-jeux-pour-le-succes/ HTTP/1.1" 200 14372 "-" "Mozilla/5.0 (X11; Linux x86_64) AppleWebKit/537.36 (KHTML, like Gecko) Chrome/114.0.0.0 Safari/537.36 Vivaldi/5.3.2679.68"
74.208.174.68 - - [22/Jan/2026:15:56:29 +0100] "POST /xmlrpc.php HTTP/1.1" 200 68 "https://www.google.com/" "Mozilla/5.0 (Windows NT 10.0; Win64; x64) AppleWebKit/537.36 (KHTML, like Gecko) Chrome/91.0.4472.124 Safari/537.36"
51.195.244.38 - - [22/Jan/2026:15:48:24 +0100] "GET /decouvrez-lucky-31-casino-une-experience-de-jeu-unique-avec-des-probabilites-maitrisees/ HTTP/2" 200 11313 "-" "Mozilla/5.0 (compatible; AhrefsBot/7.0; +http://ahrefs.com/robot/)"
77.246.99.200 - - [22/Jan/2026:15:55:56 +0100] "GET /boomerang-casino-optimisez-vos-chances-avec-les-calculs/ HTTP/1.1" 200 14356 "-" "Mozilla/5.0 (X11; Linux x86_64) AppleWebKit/537.36 (KHTML, like Gecko) Chrome/114.0.0.0 Safari/537.36 Vivaldi/5.3.2679.68"
65.21.1.60 - - [22/Jan/2026:15:56:16 +0100] "POST /wp-cron.php?doing_wp_cron=1769093776.6600921154022216796875 HTTP/1.1" 200 20 "-" "WordPress/6.9; https://tswangoenergy.com"
65.21.1.60 - - [22/Jan/2026:15:56:14 +0100] "GET / HTTP/1.1" 200 68 "-" "Python/3.11 aiohttp/3.9.2"
65.21.1.60 - - [22/Jan/2026:15:50:36 +0100] "POST /wp-cron.php?doing_wp_cron=1769093436.4765520095825195312500 HTTP/1.1" 200 20 "-" "WordPress/6.9; https://tswangoenergy.com"
65.21.1.60 - - [22/Jan/2026:15:52:47 +0100] "POST /wp-cron.php?doing_wp_cron=1769093566.6167030334472656250000 HTTP/1.1" 200 20 "-" "WordPress/6.9; https://tswangoenergy.com"
74.208.174.68 - - [22/Jan/2026:15:56:15 +0100] "HEAD / HTTP/1.1" 200 0 "https://www.tswangoenergy.com/" "Mozilla/5.0 (Windows NT 10.0; Win64; x64) AppleWebKit/537.36 (KHTML, like Gecko) Chrome/91.0.4472.124 Safari/537.36"
65.21.1.60 - - [22/Jan/2026:15:54:47 +0100] "POST /wp-cron.php?doing_wp_cron=1769093687.0906970500946044921875 HTTP/1.1" 200 20 "-" "WordPress/6.9; https://tswangoenergy.com"
74.208.174.68 - - [22/Jan/2026:15:56:19 +0100] "POST /wp-login.php HTTP/1.1" 200 68 "https://www.google.com/" "Mozilla/5.0 (Windows NT 10.0; Win64; x64) AppleWebKit/537.36 (KHTML, like Gecko) Chrome/91.0.4472.124 Safari/537.36"
74.208.174.68 - - [22/Jan/2026:15:56:22 +0100] "POST /wp-login.php HTTP/1.1" 200 1996 "https://tswangoenergy.com/wp-admin/" "Mozilla/5.0 (Windows NT 10.0; Win64; x64) AppleWebKit/537.36 (KHTML, like Gecko) Chrome/90.0.4430.85 Safari/537.36"
74.208.174.68 - - [22/Jan/2026:15:56:24 +0100] "GET /wp-admin/ HTTP/1.1" 200 28828 "https://www.google.com/" "Mozilla/5.0 (Windows NT 10.0; Win64; x64) AppleWebKit/537.36 (KHTML, like Gecko) Chrome/91.0.4472.124 Safari/537.36"
74.208.174.68 - - [22/Jan/2026:15:56:31 +0100] "GET /wp-admin/plugin-install.php?tab=upload HTTP/1.1" 500 1119 "https://www.google.com/" "Mozilla/5.0 (Windows NT 10.0; Win64; x64) AppleWebKit/537.36 (KHTML, like Gecko) Chrome/91.0.4472.124 Safari/537.36"
74.208.174.68 - - [22/Jan/2026:15:56:34 +0100] "GET /wp-admin/ HTTP/1.1" 200 28828 "-" "Mozilla/5.0 (Windows NT 10.0; Win64; x64) AppleWebKit/537.36 (KHTML, like Gecko) Chrome/133.0.0.0 Safari/537.36"
74.208.174.68 - - [22/Jan/2026:15:56:39 +0100] "GET /wp-admin/plugin-install.php HTTP/1.1" 500 1119 "-" "Mozilla/5.0 (Windows NT 10.0; Win64; x64) AppleWebKit/537.36 (KHTML, like Gecko) Chrome/133.0.0.0 Safari/537.36"
74.208.174.68 - - [22/Jan/2026:15:56:43 +0100] "GET /wp-admin/theme-install.php?tab=upload HTTP/1.1" 200 20427 "https://www.google.com/" "Mozilla/5.0 (Windows NT 10.0; Win64; x64) AppleWebKit/537.36 (KHTML, like Gecko) Chrome/91.0.4472.124 Safari/537.36"
74.208.174.68 - - [22/Jan/2026:15:56:48 +0100] "POST /wp-admin/update.php?action=upload-theme HTTP/1.1" 500 1119 "https://tswangoenergy.com/wp-admin/theme-install.php" "Mozilla/5.0 (Windows NT 10.0; Win64; x64) AppleWebKit/537.36 (KHTML, like Gecko) Chrome/132.0.0.0 Safari/537.36"
65.21.1.60 - - [22/Jan/2026:15:50:39 +0100] "POST /wp-admin/admin-ajax.php?action=async_litespeed&nonce=22NWnGSF9cK3fSfCgkRzHfj80LMW07f2&litespeed_type=imgoptm HTTP/1.1" 200 21 "-" "WordPress/6.9; https://tswangoenergy.com"
65.21.1.60 - - [22/Jan/2026:15:52:49 +0100] "POST /wp-admin/admin-ajax.php?action=async_litespeed&nonce=iB8CFVjrhHeSTeTExikyjMlsw0i0RpDs&litespeed_type=imgoptm HTTP/1.1" 200 21 "-" "WordPress/6.9; https://tswangoenergy.com"
51.195.215.43 - - [22/Jan/2026:15:54:42 +0100] "GET /wazamba-review-%CE%B3%CE%B9%CE%B1-%CE%AD%CE%BB%CE%BB%CE%B7%CE%BD%CE%B5%CF%82-%CF%80%CE%B1%CE%AF%CE%BA%CF%84%CE%B5%CF%82-d5ca7cd3/ HTTP/2" 200 11313 "-" "Mozilla/5.0 (compatible; AhrefsBot/7.0; +http://ahrefs.com/robot/)"
65.21.1.60 - - [22/Jan/2026:15:54:50 +0100] "POST /wp-admin/admin-ajax.php?action=async_litespeed&nonce=r2KTTiwDTCjVcsSnxyc2d5iHezMnaY3j&litespeed_type=imgoptm HTTP/1.1" 200 21 "-" "WordPress/6.9; https://tswangoenergy.com"
74.208.174.68 - - [22/Jan/2026:15:56:31 +0100] "GET /administrator/index.php HTTP/1.1" 200 68 "https://www.google.com/" "Mozilla/5.0 (Windows NT 10.0; Win64; x64) AppleWebKit/537.36 (KHTML, like Gecko) Chrome/91.0.4472.124 Safari/537.36"
65.21.1.60 - - [22/Jan/2026:15:56:51 +0100] "POST /wp-cron.php?doing_wp_cron=1769093811.5800349712371826171875 HTTP/1.1" 200 20 "-" "WordPress/6.9; https://tswangoenergy.com"
65.21.1.60 - - [22/Jan/2026:15:51:20 +0100] "POST /wp-admin/admin-ajax.php?action=async_litespeed&nonce=7oAy59AGSUnuVGkcsaBaGvKlLRNeu68y&litespeed_type=imgoptm HTTP/1.1" 200 21 "-" "WordPress/6.9; https://tswangoenergy.com"
96.9.211.214 - - [22/Jan/2026:15:54:56 +0100] "GET /como-dominar-a-teoria-da-probabilidade-no-f12br-casino/ HTTP/1.1" 200 13817 "-" "Mozilla/5.0 (X11; Linux x86_64) AppleWebKit/537.36 (KHTML, like Gecko) Chrome/114.0.0.0 Safari/537.36 Vivaldi/5.3.2679.68"
74.208.174.68 - - [22/Jan/2026:15:56:15 +0100] "HEAD / HTTP/1.1" 200 0 "https://tswangoenergy.com/" "Mozilla/5.0 (Windows NT 10.0; Win64; x64) AppleWebKit/537.36 (KHTML, like Gecko) Chrome/91.0.4472.124 Safari/537.36"
74.208.174.68 - - [22/Jan/2026:15:56:19 +0100] "POST /wp-login.php HTTP/1.1" 200 68 "https://www.google.com/" "Mozilla/5.0 (Windows NT 10.0; Win64; x64) AppleWebKit/537.36 (KHTML, like Gecko) Chrome/91.0.4472.124 Safari/537.36"
74.208.174.68 - - [22/Jan/2026:15:56:21 +0100] "POST /wp-login.php HTTP/1.1" 200 2001 "https://www.tswangoenergy.com/wp-admin/" "Mozilla/5.0 (Windows NT 10.0; Win64; x64) AppleWebKit/537.36 (KHTML, like Gecko) Chrome/90.0.4430.85 Safari/537.36"
74.208.174.68 - - [22/Jan/2026:15:56:24 +0100] "GET /wp-admin/ HTTP/1.1" 302 20 "https://www.google.com/" "Mozilla/5.0 (Windows NT 10.0; Win64; x64) AppleWebKit/537.36 (KHTML, like Gecko) Chrome/91.0.4472.124 Safari/537.36"
198.244.168.221 - - [22/Jan/2026:15:50:31 +0100] "GET /como-a-teoria-da-probabilidade-molda-o-bacanaplay-casino/ HTTP/2" 200 11313 "-" "Mozilla/5.0 (compatible; AhrefsBot/7.0; +http://ahrefs.com/robot/)"
198.244.183.201 - - [22/Jan/2026:15:52:42 +0100] "GET /entendendo-as-odds-no-spinsala-casino-um-guia-completo/ HTTP/2" 200 11313 "-" "Mozilla/5.0 (compatible; AhrefsBot/7.0; +http://ahrefs.com/robot/)"
74.208.174.68 - - [22/Jan/2026:15:56:26 +0100] "GET /wp-login.php?redirect_to=https%3A%2F%2Fwww.tswangoenergy.com%2Fwp-admin%2F&reauth=1 HTTP/1.1" 200 68 "https://www.google.com/" "Mozilla/5.0 (Windows NT 10.0; Win64; x64) AppleWebKit/537.36 (KHTML, like Gecko) Chrome/91.0.4472.124 Safari/537.36"
65.21.1.60 - - [22/Jan/2026:15:56:39 +0100] "POST /wp-cron.php?doing_wp_cron=1769093799.5472660064697265625000 HTTP/1.1" 200 20 "-" "WordPress/6.9; https://tswangoenergy.com"
54.38.147.163 - - [22/Jan/2026:15:56:37 +0100] "GET /leovegas-evaluation-de-sa-fiabilite-et-de-son-offre/ HTTP/2" 200 11313 "-" "Mozilla/5.0 (compatible; AhrefsBot/7.0; +http://ahrefs.com/robot/)"
74.208.174.68 - - [22/Jan/2026:15:56:52 +0100] "GET /wp-content/themes/ynpkh/index.php HTTP/1.1" 200 68 "https://www.google.com/" "Mozilla/5.0 (Windows NT 10.0; Win64; x64) AppleWebKit/537.36 (KHTML, like Gecko) Chrome/91.0.4472.124 Safari/537.36"
140.235.0.38 - - [22/Jan/2026:15:58:30 +0100] "GET /analyse-pointue-de-betsson-casino/ HTTP/1.1" 200 4018 "https://tswangoenergy.com/" "Mozilla/5.0 (Macintosh; Intel Mac OS X 12_5) AppleWebKit/537.36 (KHTML, like Gecko) Chrome/114.0.0.0 Safari/537.36"
192.227.238.224 - - [22/Jan/2026:16:04:43 +0100] "GET /como-a-ciencia-da-probabilidade-potencializa-ganhos-no-fogo777-casino/ HTTP/1.1" 200 13767 "-" "Mozilla/5.0 (X11; Linux x86_64) AppleWebKit/537.36 (KHTML, like Gecko) Chrome/114.0.0.0 Safari/537.36 Vivaldi/5.3.2679.68"
199.96.165.228 - - [22/Jan/2026:15:58:37 +0100] "GET /analyse-pointue-de-betsson-casino/?fileloc=/mnt/HC_Volume_101269084/tswangoe/public_html/wp-config-sample.php&path=/mnt/HC_Volume_101269084/tswangoe/public_html HTTP/1.1" 200 3868 "https://tswangoenergy.com/analyse-pointue-de-betsson-casino/" "Mozilla/5.0 (Macintosh; Intel Mac OS X 12_5) AppleWebKit/537.36 (KHTML, like Gecko) Chrome/114.0.0.0 Safari/537.36"
65.21.1.60 - - [22/Jan/2026:15:57:18 +0100] "GET /?wp_scrape_key=244598d395672ea897f60aa0655affc7&wp_scrape_nonce=622380959 HTTP/1.1" 200 4090 "-" "WordPress/6.9; https://tswangoenergy.com"
74.208.174.68 - - [22/Jan/2026:15:57:19 +0100] "GET /wp-content/plugins/elementor/elementor.php HTTP/1.1" 200 3357 "https://tswangoenergy.com/wp-admin/plugin-editor.php" "Mozilla/5.0 (Windows NT 10.0; Win64; x64) AppleWebKit/537.36 (KHTML, like Gecko) Chrome/138.0.0.0 Safari/537.36"
69.171.249.6 - - [22/Jan/2026:16:01:23 +0100] "GET /robots.txt HTTP/2" 200 118 "-" "facebookexternalhit/1.1 (+http://www.facebook.com/externalhit_uatext.php)"
20.0.137.120 - - [22/Jan/2026:16:03:33 +0100] "GET /as-probabilidades-explicadas-para-maximizar-resultados-no-jonbet-casino/ HTTP/1.1" 200 14053 "-" "Mozilla/5.0 (X11; Linux x86_64) AppleWebKit/537.36 (KHTML, like Gecko) Chrome/114.0.0.0 Safari/537.36 Vivaldi/5.3.2679.68"
220.181.108.92 - - [22/Jan/2026:16:03:39 +0100] "GET /mostbet-apk-endirmsi-mrc-tcrubnizi-artiran-xususiyytlr/ HTTP/1.1" 200 4018 "-" "Mozilla/5.0 (compatible; Baiduspider/2.0; +http://www.baidu.com/search/spider.html)"
74.208.174.68 - - [22/Jan/2026:15:56:54 +0100] "GET /wp-admin/ HTTP/1.1" 200 28828 "-" "Mozilla/5.0 (Windows NT 10.0; Win64; x64) AppleWebKit/537.36 (KHTML, like Gecko) Chrome/133.0.0.0 Safari/537.36"
74.208.174.68 - - [22/Jan/2026:15:57:00 +0100] "GET /wp-admin/plugin-install.php HTTP/1.1" 500 1119 "-" "Mozilla/5.0 (Windows NT 10.0; Win64; x64) AppleWebKit/537.36 (KHTML, like Gecko) Chrome/133.0.0.0 Safari/537.36"
74.208.174.68 - - [22/Jan/2026:15:57:03 +0100] "POST /wp-admin/admin-ajax.php HTTP/1.1" 200 21 "https://tswangoenergy.com/wp-admin/plugin-editor.php" "Mozilla/5.0 (Windows NT 10.0; Win64; x64) AppleWebKit/537.36 (KHTML, like Gecko) Chrome/138.0.0.0 Safari/537.36"
74.208.174.68 - - [22/Jan/2026:15:57:05 +0100] "GET /wp-admin/plugin-editor.php HTTP/1.1" 200 42066 "https://tswangoenergy.com/wp-admin/plugin-editor.php" "Mozilla/5.0 (Windows NT 10.0; Win64; x64) AppleWebKit/537.36 (KHTML, like Gecko) Chrome/138.0.0.0 Safari/537.36"
74.208.174.68 - - [22/Jan/2026:15:57:09 +0100] "GET /wp-admin/plugin-editor.php?plugin=elementor%2Felementor.php&Submit=Select HTTP/1.1" 200 42152 "https://tswangoenergy.com/wp-admin/plugin-editor.php" "Mozilla/5.0 (Windows NT 10.0; Win64; x64) AppleWebKit/537.36 (KHTML, like Gecko) Chrome/138.0.0.0 Safari/537.36"
65.21.1.60 - - [22/Jan/2026:15:57:17 +0100] "GET /wp-admin/plugin-editor.php?plugin=elementor%2Felementor.php&file=elementor%2Felementor.php&wp_scrape_key=244598d395672ea897f60aa0655affc7&wp_scrape_nonce=622380959 HTTP/1.1" 200 6595 "-" "WordPress/6.9; https://tswangoenergy.com"
74.208.174.68 - - [22/Jan/2026:15:57:13 +0100] "POST /wp-admin/admin-ajax.php HTTP/1.1" 200 77 "https://tswangoenergy.com/wp-admin/plugin-editor.php" "Mozilla/5.0 (Windows NT 10.0; Win64; x64) AppleWebKit/537.36 (KHTML, like Gecko) Chrome/138.0.0.0 Safari/537.36"
69.171.249.7 - - [22/Jan/2026:16:01:22 +0100] "GET /robots.txt HTTP/2" 200 118 "-" "facebookexternalhit/1.1 (+http://www.facebook.com/externalhit_uatext.php)"
65.111.3.232 - - [22/Jan/2026:16:03:49 +0100] "GET /como-a-ciencia-da-probabilidade-potencializa-ganhos-no-fogo777-casino/ HTTP/1.1" 200 13767 "-" "Mozilla/5.0 (X11; Linux x86_64) AppleWebKit/537.36 (KHTML, like Gecko) Chrome/114.0.0.0 Safari/537.36 Vivaldi/5.3.2679.68"
74.7.242.56 - - [22/Jan/2026:16:06:12 +0100] "GET /?p=1496 HTTP/2" 200 4018 "https://tswangoenergy.com/casombie-casino-strategies-basees-sur-les-mathematiques/" "Mozilla/5.0 AppleWebKit/537.36 (KHTML, like Gecko; compatible; GPTBot/1.3; +https://openai.com/gptbot)"
74.7.242.56 - - [22/Jan/2026:16:06:14 +0100] "GET /?fileloc=/mnt/HC_Volume_101269084/tswangoe/public_html/index.php&path=/mnt/HC_Volume_101269084/tswangoe/public_html HTTP/2" 200 2775 "https://tswangoenergy.com/?p=1496" "Mozilla/5.0 AppleWebKit/537.36 (KHTML, like Gecko; compatible; GPTBot/1.3; +https://openai.com/gptbot)"
74.7.242.56 - - [22/Jan/2026:16:06:15 +0100] "GET /?fileloc=/mnt/HC_Volume_101269084/tswangoe/public_html/wp-cron.php&path=/mnt/HC_Volume_101269084/tswangoe/public_html HTTP/2" 200 4659 "https://tswangoenergy.com/?p=1496" "Mozilla/5.0 AppleWebKit/537.36 (KHTML, like Gecko; compatible; GPTBot/1.3; +https://openai.com/gptbot)"
74.7.242.56 - - [22/Jan/2026:16:06:15 +0100] "GET /?path=/ HTTP/2" 200 3232 "https://tswangoenergy.com/?p=1496" "Mozilla/5.0 AppleWebKit/537.36 (KHTML, like Gecko; compatible; GPTBot/1.3; +https://openai.com/gptbot)"
74.7.242.56 - - [22/Jan/2026:16:06:16 +0100] "GET /?path=/mnt/HC_Volume_101269084/tswangoe/public_html/vi HTTP/2" 200 2936 "https://tswangoenergy.com/?p=1496" "Mozilla/5.0 AppleWebKit/537.36 (KHTML, like Gecko; compatible; GPTBot/1.3; +https://openai.com/gptbot)"
74.7.242.56 - - [22/Jan/2026:16:06:17 +0100] "GET /?fileloc=/mnt/HC_Volume_101269084/tswangoe/public_html/error_log&path=/mnt/HC_Volume_101269084/tswangoe/public_html HTTP/2" 200 4073 "https://tswangoenergy.com/?p=1496" "Mozilla/5.0 AppleWebKit/537.36 (KHTML, like Gecko; compatible; GPTBot/1.3; +https://openai.com/gptbot)"
74.7.242.56 - - [22/Jan/2026:16:06:17 +0100] "GET /?path=/mnt HTTP/2" 200 2949 "https://tswangoenergy.com/?p=1496" "Mozilla/5.0 AppleWebKit/537.36 (KHTML, like Gecko; compatible; GPTBot/1.3; +https://openai.com/gptbot)"
74.7.242.56 - - [22/Jan/2026:16:06:18 +0100] "GET /?fileloc=/mnt/HC_Volume_101269084/tswangoe/public_html/license.txt&path=/mnt/HC_Volume_101269084/tswangoe/public_html HTTP/2" 200 9903 "https://tswangoenergy.com/?p=1496" "Mozilla/5.0 AppleWebKit/537.36 (KHTML, like Gecko; compatible; GPTBot/1.3; +https://openai.com/gptbot)"
74.7.242.56 - - [22/Jan/2026:16:06:18 +0100] "GET /?fileloc=/mnt/HC_Volume_101269084/tswangoe/public_html/wp-comments-post.php&path=/mnt/HC_Volume_101269084/tswangoe/public_html HTTP/2" 200 3618 "https://tswangoenergy.com/?p=1496" "Mozilla/5.0 AppleWebKit/537.36 (KHTML, like Gecko; compatible; GPTBot/1.3; +https://openai.com/gptbot)"
74.7.242.56 - - [22/Jan/2026:16:06:19 +0100] "GET /?fileloc=/mnt/HC_Volume_101269084/tswangoe/public_html/.htaccess.bk&path=/mnt/HC_Volume_101269084/tswangoe/public_html HTTP/2" 200 3007 "https://tswangoenergy.com/?p=1496" "Mozilla/5.0 AppleWebKit/537.36 (KHTML, like Gecko; compatible; GPTBot/1.3; +https://openai.com/gptbot)"
74.7.242.56 - - [22/Jan/2026:16:06:20 +0100] "GET /?fileloc=/mnt/HC_Volume_101269084/tswangoe/public_html/wp-blog-header.php&path=/mnt/HC_Volume_101269084/tswangoe/public_html HTTP/2" 200 2748 "https://tswangoenergy.com/?p=1496" "Mozilla/5.0 AppleWebKit/537.36 (KHTML, like Gecko; compatible; GPTBot/1.3; +https://openai.com/gptbot)"
74.7.242.56 - - [22/Jan/2026:16:06:20 +0100] "GET /?path=/mnt/HC_Volume_101269084/tswangoe/public_html/cgi-bin HTTP/2" 200 2609 "https://tswangoenergy.com/?p=1496" "Mozilla/5.0 AppleWebKit/537.36 (KHTML, like Gecko; compatible; GPTBot/1.3; +https://openai.com/gptbot)"
74.7.242.56 - - [22/Jan/2026:16:06:21 +0100] "GET /?path=/mnt/HC_Volume_101269084/tswangoe/public_html HTTP/2" 200 4018 "https://tswangoenergy.com/?p=1496" "Mozilla/5.0 AppleWebKit/537.36 (KHTML, like Gecko; compatible; GPTBot/1.3; +https://openai.com/gptbot)"
74.7.242.56 - - [22/Jan/2026:16:06:21 +0100] "GET /?path=/mnt/HC_Volume_101269084 HTTP/2" 200 2830 "https://tswangoenergy.com/?p=1496" "Mozilla/5.0 AppleWebKit/537.36 (KHTML, like Gecko; compatible; GPTBot/1.3; +https://openai.com/gptbot)"
74.7.242.56 - - [22/Jan/2026:16:06:22 +0100] "GET /?path=//lib64 HTTP/2" 200 58026 "https://tswangoenergy.com/?path=/" "Mozilla/5.0 AppleWebKit/537.36 (KHTML, like Gecko; compatible; GPTBot/1.3; +https://openai.com/gptbot)"
74.7.242.56 - - [22/Jan/2026:16:06:23 +0100] "GET /?path=//tmp HTTP/2" 200 3228 "https://tswangoenergy.com/?path=/" "Mozilla/5.0 AppleWebKit/537.36 (KHTML, like Gecko; compatible; GPTBot/1.3; +https://openai.com/gptbot)"
74.7.242.56 - - [22/Jan/2026:16:06:23 +0100] "GET /?path=//opt HTTP/2" 200 3386 "https://tswangoenergy.com/?path=/" "Mozilla/5.0 AppleWebKit/537.36 (KHTML, like Gecko; compatible; GPTBot/1.3; +https://openai.com/gptbot)"
74.7.242.56 - - [22/Jan/2026:16:06:24 +0100] "GET /?path=/mnt/home4 HTTP/2" 200 2562 "https://tswangoenergy.com/?path=/mnt" "Mozilla/5.0 AppleWebKit/537.36 (KHTML, like Gecko; compatible; GPTBot/1.3; +https://openai.com/gptbot)"
74.7.242.56 - - [22/Jan/2026:16:06:24 +0100] "GET /?path=//var HTTP/2" 200 3232 "https://tswangoenergy.com/?path=/" "Mozilla/5.0 AppleWebKit/537.36 (KHTML, like Gecko; compatible; GPTBot/1.3; +https://openai.com/gptbot)"
74.7.242.56 - - [22/Jan/2026:16:06:25 +0100] "GET /?path=//etc HTTP/2" 200 5332 "https://tswangoenergy.com/?path=/" "Mozilla/5.0 AppleWebKit/537.36 (KHTML, like Gecko; compatible; GPTBot/1.3; +https://openai.com/gptbot)"
74.7.242.56 - - [22/Jan/2026:16:06:25 +0100] "GET /?path=//mnt HTTP/2" 200 2950 "https://tswangoenergy.com/?path=/" "Mozilla/5.0 AppleWebKit/537.36 (KHTML, like Gecko; compatible; GPTBot/1.3; +https://openai.com/gptbot)"
74.7.242.56 - - [22/Jan/2026:16:06:26 +0100] "GET /?path=//run HTTP/2" 200 3324 "https://tswangoenergy.com/?path=/" "Mozilla/5.0 AppleWebKit/537.36 (KHTML, like Gecko; compatible; GPTBot/1.3; +https://openai.com/gptbot)"
74.7.242.56 - - [22/Jan/2026:16:06:26 +0100] "GET /?path=//lib HTTP/2" 200 4052 "https://tswangoenergy.com/?path=/" "Mozilla/5.0 AppleWebKit/537.36 (KHTML, like Gecko; compatible; GPTBot/1.3; +https://openai.com/gptbot)"
74.7.242.56 - - [22/Jan/2026:16:06:27 +0100] "GET /?path=//bin HTTP/2" 200 19768 "https://tswangoenergy.com/?path=/" "Mozilla/5.0 AppleWebKit/537.36 (KHTML, like Gecko; compatible; GPTBot/1.3; +https://openai.com/gptbot)"
74.7.242.56 - - [22/Jan/2026:16:06:28 +0100] "GET /?path=//usr HTTP/2" 200 3143 "https://tswangoenergy.com/?path=/" "Mozilla/5.0 AppleWebKit/537.36 (KHTML, like Gecko; compatible; GPTBot/1.3; +https://openai.com/gptbot)"
74.7.242.56 - - [22/Jan/2026:16:06:28 +0100] "GET /?fileloc=//lib64/liblab_gamut.so.1.0.0&path=//lib64 HTTP/2" 200 550406 "https://tswangoenergy.com/?path=//lib64" "Mozilla/5.0 AppleWebKit/537.36 (KHTML, like Gecko; compatible; GPTBot/1.3; +https://openai.com/gptbot)"
74.7.242.56 - - [22/Jan/2026:16:06:30 +0100] "GET /?fileloc=//lib64/libkadm5srv_mit.so.12&path=//lib64 HTTP/2" 200 45235 "https://tswangoenergy.com/?path=//lib64" "Mozilla/5.0 AppleWebKit/537.36 (KHTML, like Gecko; compatible; GPTBot/1.3; +https://openai.com/gptbot)"
74.7.242.56 - - [22/Jan/2026:16:06:30 +0100] "GET /?fileloc=//lib64/libtinfo.so.6.2&path=//lib64 HTTP/2" 200 63989 "https://tswangoenergy.com/?path=//lib64" "Mozilla/5.0 AppleWebKit/537.36 (KHTML, like Gecko; compatible; GPTBot/1.3; +https://openai.com/gptbot)"
74.7.242.56 - - [22/Jan/2026:16:06:31 +0100] "GET /?fileloc=//lib64/libgs.so.9.54&path=//lib64 HTTP/2" 200 2389383 "https://tswangoenergy.com/?path=//lib64" "Mozilla/5.0 AppleWebKit/537.36 (KHTML, like Gecko; compatible; GPTBot/1.3; +https://openai.com/gptbot)"
74.7.242.56 - - [22/Jan/2026:16:06:40 +0100] "GET /?path=//lib64/gems HTTP/2" 200 2820 "https://tswangoenergy.com/?path=//lib64" "Mozilla/5.0 AppleWebKit/537.36 (KHTML, like Gecko; compatible; GPTBot/1.3; +https://openai.com/gptbot)"
74.7.242.56 - - [22/Jan/2026:16:06:41 +0100] "GET /?path=//etc/sasl2 HTTP/2" 200 2563 "https://tswangoenergy.com/?path=//etc" "Mozilla/5.0 AppleWebKit/537.36 (KHTML, like Gecko; compatible; GPTBot/1.3; +https://openai.com/gptbot)"
74.7.242.56 - - [22/Jan/2026:16:06:41 +0100] "GET /?fileloc=//lib64/libatspi.so.0&path=//lib64 HTTP/2" 200 79775 "https://tswangoenergy.com/?path=//lib64" "Mozilla/5.0 AppleWebKit/537.36 (KHTML, like Gecko; compatible; GPTBot/1.3; +https://openai.com/gptbot)"
74.7.242.56 - - [22/Jan/2026:16:06:42 +0100] "GET /?fileloc=//lib64/libtasn1.so.6&path=//lib64 HTTP/2" 200 38292 "https://tswangoenergy.com/?path=//lib64" "Mozilla/5.0 AppleWebKit/537.36 (KHTML, like Gecko; compatible; GPTBot/1.3; +https://openai.com/gptbot)"
74.7.242.56 - - [22/Jan/2026:16:06:43 +0100] "GET /?fileloc=//lib64/libssl.so&path=//lib64 HTTP/2" 200 386933 "https://tswangoenergy.com/?path=//lib64" "Mozilla/5.0 AppleWebKit/537.36 (KHTML, like Gecko; compatible; GPTBot/1.3; +https://openai.com/gptbot)"
74.7.242.56 - - [22/Jan/2026:16:06:44 +0100] "GET /?fileloc=//bin/vdir&path=//bin HTTP/2" 200 55613 "https://tswangoenergy.com/?path=//bin" "Mozilla/5.0 AppleWebKit/537.36 (KHTML, like Gecko; compatible; GPTBot/1.3; +https://openai.com/gptbot)"
74.7.242.56 - - [22/Jan/2026:16:06:44 +0100] "GET /?fileloc=//bin/mariadb-show&path=//bin HTTP/2" 200 784191 "https://tswangoenergy.com/?path=//bin" "Mozilla/5.0 AppleWebKit/537.36 (KHTML, like Gecko; compatible; GPTBot/1.3; +https://openai.com/gptbot)"
74.7.242.56 - - [22/Jan/2026:16:06:47 +0100] "GET /?path=//run/sepermit HTTP/2" 200 2564 "https://tswangoenergy.com/?path=//run" "Mozilla/5.0 AppleWebKit/537.36 (KHTML, like Gecko; compatible; GPTBot/1.3; +https://openai.com/gptbot)"
74.7.242.56 - - [22/Jan/2026:16:06:48 +0100] "GET /?fileloc=//bin/bzdiff&path=//bin HTTP/2" 200 3416 "https://tswangoenergy.com/?path=//bin" "Mozilla/5.0 AppleWebKit/537.36 (KHTML, like Gecko; compatible; GPTBot/1.3; +https://openai.com/gptbot)"
74.7.242.56 - - [22/Jan/2026:16:06:48 +0100] "GET /?fileloc=//bin/numfmt&path=//bin HTTP/2" 200 23854 "https://tswangoenergy.com/?path=//bin" "Mozilla/5.0 AppleWebKit/537.36 (KHTML, like Gecko; compatible; GPTBot/1.3; +https://openai.com/gptbot)"
74.7.242.56 - - [22/Jan/2026:16:06:49 +0100] "GET /?fileloc=//bin/post-grohtml&path=//bin HTTP/2" 200 81756 "https://tswangoenergy.com/?path=//bin" "Mozilla/5.0 AppleWebKit/537.36 (KHTML, like Gecko; compatible; GPTBot/1.3; +https://openai.com/gptbot)"
74.7.242.56 - - [22/Jan/2026:16:06:50 +0100] "GET /?fileloc=//lib64/libgstcontroller-1.0.so.0&path=//lib64 HTTP/2" 200 27783 "https://tswangoenergy.com/?path=//lib64" "Mozilla/5.0 AppleWebKit/537.36 (KHTML, like Gecko; compatible; GPTBot/1.3; +https://openai.com/gptbot)"
74.7.242.56 - - [22/Jan/2026:16:06:50 +0100] "GET /?path=//run/net-snmp HTTP/2" 200 2565 "https://tswangoenergy.com/?path=//run" "Mozilla/5.0 AppleWebKit/537.36 (KHTML, like Gecko; compatible; GPTBot/1.3; +https://openai.com/gptbot)"
74.7.242.56 - - [22/Jan/2026:16:06:51 +0100] "GET /?fileloc=//lib64/libgd.so.3&path=//lib64 HTTP/2" 200 118667 "https://tswangoenergy.com/?path=//lib64" "Mozilla/5.0 AppleWebKit/537.36 (KHTML, like Gecko; compatible; GPTBot/1.3; +https://openai.com/gptbot)"
74.7.242.56 - - [22/Jan/2026:16:06:52 +0100] "GET /?path=//lib64/X11 HTTP/2" 200 2564 "https://tswangoenergy.com/?path=//lib64" "Mozilla/5.0 AppleWebKit/537.36 (KHTML, like Gecko; compatible; GPTBot/1.3; +https://openai.com/gptbot)"
74.7.242.56 - - [22/Jan/2026:16:06:53 +0100] "GET /?path=//lib64/icu HTTP/2" 200 3010 "https://tswangoenergy.com/?path=//lib64" "Mozilla/5.0 AppleWebKit/537.36 (KHTML, like Gecko; compatible; GPTBot/1.3; +https://openai.com/gptbot)"
74.7.242.56 - - [22/Jan/2026:16:06:53 +0100] "GET /?path=//lib64/dri HTTP/2" 200 3172 "https://tswangoenergy.com/?path=//lib64" "Mozilla/5.0 AppleWebKit/537.36 (KHTML, like Gecko; compatible; GPTBot/1.3; +https://openai.com/gptbot)"
74.7.242.56 - - [22/Jan/2026:16:06:54 +0100] "GET /?path=//lib64/lua HTTP/2" 200 2853 "https://tswangoenergy.com/?path=//lib64" "Mozilla/5.0 AppleWebKit/537.36 (KHTML, like Gecko; compatible; GPTBot/1.3; +https://openai.com/gptbot)"
74.7.242.56 - - [22/Jan/2026:16:06:54 +0100] "GET /?path=//lib64/gio HTTP/2" 200 2821 "https://tswangoenergy.com/?path=//lib64" "Mozilla/5.0 AppleWebKit/537.36 (KHTML, like Gecko; compatible; GPTBot/1.3; +https://openai.com/gptbot)"
74.7.242.56 - - [22/Jan/2026:16:06:55 +0100] "GET /?path=//lib64/bpf HTTP/2" 200 2564 "https://tswangoenergy.com/?path=//lib64" "Mozilla/5.0 AppleWebKit/537.36 (KHTML, like Gecko; compatible; GPTBot/1.3; +https://openai.com/gptbot)"
74.7.242.56 - - [22/Jan/2026:16:06:55 +0100] "GET /?path=//lib64/nss HTTP/2" 200 2870 "https://tswangoenergy.com/?path=//lib64" "Mozilla/5.0 AppleWebKit/537.36 (KHTML, like Gecko; compatible; GPTBot/1.3; +https://openai.com/gptbot)"
74.7.242.56 - - [22/Jan/2026:16:06:56 +0100] "GET /?path=//lib64/gbm HTTP/2" 200 2844 "https://tswangoenergy.com/?path=//lib64" "Mozilla/5.0 AppleWebKit/537.36 (KHTML, like Gecko; compatible; GPTBot/1.3; +https://openai.com/gptbot)"
74.7.242.56 - - [22/Jan/2026:16:06:56 +0100] "GET /?path=//usr/lib64 HTTP/2" 200 59506 "https://tswangoenergy.com/?path=//usr" "Mozilla/5.0 AppleWebKit/537.36 (KHTML, like Gecko; compatible; GPTBot/1.3; +https://openai.com/gptbot)"
74.7.242.56 - - [22/Jan/2026:16:06:57 +0100] "GET /?fileloc=//lib64/libpcre32.so&path=//lib64 HTTP/2" 200 152236 "https://tswangoenergy.com/?path=//lib64" "Mozilla/5.0 AppleWebKit/537.36 (KHTML, like Gecko; compatible; GPTBot/1.3; +https://openai.com/gptbot)"
74.7.242.56 - - [22/Jan/2026:16:06:58 +0100] "GET /?fileloc=//lib64/libpng16.so&path=//lib64 HTTP/2" 200 98590 "https://tswangoenergy.com/?path=//lib64" "Mozilla/5.0 AppleWebKit/537.36 (KHTML, like Gecko; compatible; GPTBot/1.3; +https://openai.com/gptbot)"
74.7.242.56 - - [22/Jan/2026:16:06:59 +0100] "GET /?fileloc=//lib64/crt1.o&path=//lib64 HTTP/2" 200 3410 "https://tswangoenergy.com/?path=//lib64" "Mozilla/5.0 AppleWebKit/537.36 (KHTML, like Gecko; compatible; GPTBot/1.3; +https://openai.com/gptbot)"
74.7.242.56 - - [22/Jan/2026:16:07:00 +0100] "GET /?fileloc=//lib64/libgtk-3.so.0&path=//lib64 HTTP/2" 200 2789366 "https://tswangoenergy.com/?path=//lib64" "Mozilla/5.0 AppleWebKit/537.36 (KHTML, like Gecko; compatible; GPTBot/1.3; +https://openai.com/gptbot)"
74.7.242.56 - - [22/Jan/2026:16:07:05 +0100] "GET /?path=//lib64/php HTTP/2" 200 2821 "https://tswangoenergy.com/?path=//lib64" "Mozilla/5.0 AppleWebKit/537.36 (KHTML, like Gecko; compatible; GPTBot/1.3; +https://openai.com/gptbot)"
74.7.242.56 - - [22/Jan/2026:16:07:05 +0100] "GET /?fileloc=//lib64/libmenu.so&path=//lib64 HTTP/2" 200 16108 "https://tswangoenergy.com/?path=//lib64" "Mozilla/5.0 AppleWebKit/537.36 (KHTML, like Gecko; compatible; GPTBot/1.3; +https://openai.com/gptbot)"
74.7.242.56 - - [22/Jan/2026:16:07:06 +0100] "GET /?fileloc=//lib64/libkrad.so&path=//lib64 HTTP/2" 200 16284 "https://tswangoenergy.com/?path=//lib64" "Mozilla/5.0 AppleWebKit/537.36 (KHTML, like Gecko; compatible; GPTBot/1.3; +https://openai.com/gptbot)"
74.7.242.56 - - [22/Jan/2026:16:07:07 +0100] "GET /?fileloc=//lib64/libpcre16.so&path=//lib64 HTTP/2" 200 161717 "https://tswangoenergy.com/?path=//lib64" "Mozilla/5.0 AppleWebKit/537.36 (KHTML, like Gecko; compatible; GPTBot/1.3; +https://openai.com/gptbot)"
74.7.242.56 - - [22/Jan/2026:16:07:07 +0100] "GET /?path=//lib64/krb5 HTTP/2" 200 2823 "https://tswangoenergy.com/?path=//lib64" "Mozilla/5.0 AppleWebKit/537.36 (KHTML, like Gecko; compatible; GPTBot/1.3; +https://openai.com/gptbot)"
74.7.242.56 - - [22/Jan/2026:16:07:08 +0100] "GET /?fileloc=//lib64/crti.o&path=//lib64 HTTP/2" 200 2994 "https://tswangoenergy.com/?path=//lib64" "Mozilla/5.0 AppleWebKit/537.36 (KHTML, like Gecko; compatible; GPTBot/1.3; +https://openai.com/gptbot)"
74.7.242.56 - - [22/Jan/2026:16:07:08 +0100] "GET /?fileloc=//usr/lib64/libvisual-0.4.so.0.0.0&path=//usr/lib64 HTTP/2" 200 98109 "https://tswangoenergy.com/?path=//usr/lib64" "Mozilla/5.0 AppleWebKit/537.36 (KHTML, like Gecko; compatible; GPTBot/1.3; +https://openai.com/gptbot)"
74.7.242.56 - - [22/Jan/2026:16:07:09 +0100] "GET /?fileloc=//usr/lib64/libjansson.so.4&path=//usr/lib64 HTTP/2" 200 27807 "https://tswangoenergy.com/?path=//usr/lib64" "Mozilla/5.0 AppleWebKit/537.36 (KHTML, like Gecko; compatible; GPTBot/1.3; +https://openai.com/gptbot)"
74.7.242.56 - - [22/Jan/2026:16:07:09 +0100] "GET /?fileloc=//usr/lib64/libmnl.so.0.2.0&path=//usr/lib64 HTTP/2" 200 11149 "https://tswangoenergy.com/?path=//usr/lib64" "Mozilla/5.0 AppleWebKit/537.36 (KHTML, like Gecko; compatible; GPTBot/1.3; +https://openai.com/gptbot)"
74.7.242.56 - - [22/Jan/2026:16:07:10 +0100] "GET /?fileloc=//usr/lib64/libaom.so.3.13.1&path=//usr/lib64 HTTP/2" 200 1704722 "https://tswangoenergy.com/?path=//usr/lib64" "Mozilla/5.0 AppleWebKit/537.36 (KHTML, like Gecko; compatible; GPTBot/1.3; +https://openai.com/gptbot)"
74.7.242.56 - - [22/Jan/2026:16:07:12 +0100] "GET /?path=//usr/lib64/hmaccalc HTTP/2" 200 3050 "https://tswangoenergy.com/?path=//usr/lib64" "Mozilla/5.0 AppleWebKit/537.36 (KHTML, like Gecko; compatible; GPTBot/1.3; +https://openai.com/gptbot)"
74.7.242.56 - - [22/Jan/2026:16:07:12 +0100] "GET /?fileloc=//usr/lib64/libnetsnmptrapd.so.40.1.0&path=//usr/lib64 HTTP/2" 200 26216 "https://tswangoenergy.com/?path=//usr/lib64" "Mozilla/5.0 AppleWebKit/537.36 (KHTML, like Gecko; compatible; GPTBot/1.3; +https://openai.com/gptbot)"
74.7.242.56 - - [22/Jan/2026:16:07:13 +0100] "GET /?fileloc=//usr/lib64/libthai.so.0.3.1&path=//usr/lib64 HTTP/2" 200 17761 "https://tswangoenergy.com/?path=//usr/lib64" "Mozilla/5.0 AppleWebKit/537.36 (KHTML, like Gecko; compatible; GPTBot/1.3; +https://openai.com/gptbot)"
74.7.242.56 - - [22/Jan/2026:16:07:14 +0100] "GET /?fileloc=//usr/lib64/libGraphicsMagickWand-Q16.so.2&path=//usr/lib64 HTTP/2" 200 61112 "https://tswangoenergy.com/?path=//usr/lib64" "Mozilla/5.0 AppleWebKit/537.36 (KHTML, like Gecko; compatible; GPTBot/1.3; +https://openai.com/gptbot)"
74.7.242.56 - - [22/Jan/2026:16:07:14 +0100] "GET /?fileloc=//lib64/crtn.o&path=//lib64 HTTP/2" 200 2893 "https://tswangoenergy.com/?path=//lib64" "Mozilla/5.0 AppleWebKit/537.36 (KHTML, like Gecko; compatible; GPTBot/1.3; +https://openai.com/gptbot)"
74.7.242.56 - - [22/Jan/2026:16:07:15 +0100] "GET /?fileloc=//lib64/grcrt1.o&path=//lib64 HTTP/2" 200 3542 "https://tswangoenergy.com/?path=//lib64" "Mozilla/5.0 AppleWebKit/537.36 (KHTML, like Gecko; compatible; GPTBot/1.3; +https://openai.com/gptbot)"
74.7.242.56 - - [22/Jan/2026:16:07:15 +0100] "GET /?fileloc=//lib64/gcrt1.o&path=//lib64 HTTP/2" 200 3664 "https://tswangoenergy.com/?path=//lib64" "Mozilla/5.0 AppleWebKit/537.36 (KHTML, like Gecko; compatible; GPTBot/1.3; +https://openai.com/gptbot)"
74.7.242.56 - - [22/Jan/2026:16:07:16 +0100] "GET /?fileloc=//lib64/libXaw7.so.7&path=//lib64 HTTP/2" 200 163609 "https://tswangoenergy.com/?path=//lib64" "Mozilla/5.0 AppleWebKit/537.36 (KHTML, like Gecko; compatible; GPTBot/1.3; +https://openai.com/gptbot)"
74.7.242.56 - - [22/Jan/2026:16:07:17 +0100] "GET /?fileloc=//lib64/libjxl.so.0.7&path=//lib64 HTTP/2" 200 1042676 "https://tswangoenergy.com/?path=//lib64" "Mozilla/5.0 AppleWebKit/537.36 (KHTML, like Gecko; compatible; GPTBot/1.3; +https://openai.com/gptbot)"
74.7.242.56 - - [22/Jan/2026:16:07:18 +0100] "GET /?fileloc=//lib64/libmlx5.so.1&path=//lib64 HTTP/2" 200 176647 "https://tswangoenergy.com/?path=//lib64" "Mozilla/5.0 AppleWebKit/537.36 (KHTML, like Gecko; compatible; GPTBot/1.3; +https://openai.com/gptbot)"
74.7.242.56 - - [22/Jan/2026:16:07:19 +0100] "GET /?fileloc=//lib64/libzip.so.5.3&path=//lib64 HTTP/2" 200 51381 "https://tswangoenergy.com/?path=//lib64" "Mozilla/5.0 AppleWebKit/537.36 (KHTML, like Gecko; compatible; GPTBot/1.3; +https://openai.com/gptbot)"
74.7.242.56 - - [22/Jan/2026:16:07:19 +0100] "GET /?fileloc=//lib64/libt1x.so.5&path=//lib64 HTTP/2" 200 9846 "https://tswangoenergy.com/?path=//lib64" "Mozilla/5.0 AppleWebKit/537.36 (KHTML, like Gecko; compatible; GPTBot/1.3; +https://openai.com/gptbot)"
74.7.242.56 - - [22/Jan/2026:16:07:20 +0100] "GET /?fileloc=//lib64/libaps.so.1.0&path=//lib64 HTTP/2" 200 1456142 "https://tswangoenergy.com/?path=//lib64" "Mozilla/5.0 AppleWebKit/537.36 (KHTML, like Gecko; compatible; GPTBot/1.3; +https://openai.com/gptbot)"
74.7.242.56 - - [22/Jan/2026:16:07:21 +0100] "GET /?fileloc=//lib64/libbz2.so.1&path=//lib64 HTTP/2" 200 29953 "https://tswangoenergy.com/?path=//lib64" "Mozilla/5.0 AppleWebKit/537.36 (KHTML, like Gecko; compatible; GPTBot/1.3; +https://openai.com/gptbot)"
74.7.242.56 - - [22/Jan/2026:16:07:22 +0100] "GET /?fileloc=//lib64/libvpx.so.6.3&path=//lib64 HTTP/2" 200 966864 "https://tswangoenergy.com/?path=//lib64" "Mozilla/5.0 AppleWebKit/537.36 (KHTML, like Gecko; compatible; GPTBot/1.3; +https://openai.com/gptbot)"
74.7.242.56 - - [22/Jan/2026:16:07:23 +0100] "GET /?fileloc=//lib64/libidn2.so.0&path=//lib64 HTTP/2" 200 48763 "https://tswangoenergy.com/?path=//lib64" "Mozilla/5.0 AppleWebKit/537.36 (KHTML, like Gecko; compatible; GPTBot/1.3; +https://openai.com/gptbot)"
74.7.242.56 - - [22/Jan/2026:16:07:24 +0100] "GET /?fileloc=//lib64/libgio-2.0.so&path=//lib64 HTTP/2" 200 676246 "https://tswangoenergy.com/?path=//lib64" "Mozilla/5.0 AppleWebKit/537.36 (KHTML, like Gecko; compatible; GPTBot/1.3; +https://openai.com/gptbot)"
74.7.242.56 - - [22/Jan/2026:16:07:25 +0100] "GET /?fileloc=//lib64/liblua-5.4.so&path=//lib64 HTTP/2" 200 118919 "https://tswangoenergy.com/?path=//lib64" "Mozilla/5.0 AppleWebKit/537.36 (KHTML, like Gecko; compatible; GPTBot/1.3; +https://openai.com/gptbot)"
74.7.242.56 - - [22/Jan/2026:16:07:25 +0100] "GET /?fileloc=//lib64/libidn.so.12&path=//lib64 HTTP/2" 200 57428 "https://tswangoenergy.com/?path=//lib64" "Mozilla/5.0 AppleWebKit/537.36 (KHTML, like Gecko; compatible; GPTBot/1.3; +https://openai.com/gptbot)"
74.7.242.56 - - [22/Jan/2026:16:07:26 +0100] "GET /?fileloc=//lib64/libxml2.so.2&path=//lib64 HTTP/2" 200 645060 "https://tswangoenergy.com/?path=//lib64" "Mozilla/5.0 AppleWebKit/537.36 (KHTML, like Gecko; compatible; GPTBot/1.3; +https://openai.com/gptbot)"
74.7.242.56 - - [22/Jan/2026:16:07:27 +0100] "GET /?fileloc=//lib64/libv8.so.9&path=//lib64 HTTP/2" 200 0 "https://tswangoenergy.com/?path=//lib64" "Mozilla/5.0 AppleWebKit/537.36 (KHTML, like Gecko; compatible; GPTBot/1.3; +https://openai.com/gptbot)"
74.7.242.56 - - [22/Jan/2026:16:07:57 +0100] "GET /?fileloc=//lib64/libjq.so.1&path=//lib64 HTTP/2" 200 130692 "https://tswangoenergy.com/?path=//lib64" "Mozilla/5.0 AppleWebKit/537.36 (KHTML, like Gecko; compatible; GPTBot/1.3; +https://openai.com/gptbot)"
74.7.242.56 - - [22/Jan/2026:16:07:58 +0100] "GET /?fileloc=//lib64/libuv.so.1&path=//lib64 HTTP/2" 200 80447 "https://tswangoenergy.com/?path=//lib64" "Mozilla/5.0 AppleWebKit/537.36 (KHTML, like Gecko; compatible; GPTBot/1.3; +https://openai.com/gptbot)"
74.7.242.56 - - [22/Jan/2026:16:08:00 +0100] "GET /?fileloc=//lib64/libmd.so.0&path=//lib64 HTTP/2" 200 24001 "https://tswangoenergy.com/?path=//lib64" "Mozilla/5.0 AppleWebKit/537.36 (KHTML, like Gecko; compatible; GPTBot/1.3; +https://openai.com/gptbot)"
74.7.242.56 - - [22/Jan/2026:16:08:01 +0100] "GET /?fileloc=//lib64/libdw.so.1&path=//lib64 HTTP/2" 200 231366 "https://tswangoenergy.com/?path=//lib64" "Mozilla/5.0 AppleWebKit/537.36 (KHTML, like Gecko; compatible; GPTBot/1.3; +https://openai.com/gptbot)"
74.7.242.56 - - [22/Jan/2026:16:08:02 +0100] "GET /?fileloc=//lib64/liblua-5.1.so&path=//lib64 HTTP/2" 200 86056 "https://tswangoenergy.com/?path=//lib64" "Mozilla/5.0 AppleWebKit/537.36 (KHTML, like Gecko; compatible; GPTBot/1.3; +https://openai.com/gptbot)"
74.7.242.56 - - [22/Jan/2026:16:08:03 +0100] "GET /?fileloc=//lib64/libgmp.so.10&path=//lib64 HTTP/2" 200 267460 "https://tswangoenergy.com/?path=//lib64" "Mozilla/5.0 AppleWebKit/537.36 (KHTML, like Gecko; compatible; GPTBot/1.3; +https://openai.com/gptbot)"
74.7.242.56 - - [22/Jan/2026:16:08:04 +0100] "GET /?fileloc=//lib64/libraw.so.23&path=//lib64 HTTP/2" 200 333304 "https://tswangoenergy.com/?path=//lib64" "Mozilla/5.0 AppleWebKit/537.36 (KHTML, like Gecko; compatible; GPTBot/1.3; +https://openai.com/gptbot)"
74.7.242.56 - - [22/Jan/2026:16:08:05 +0100] "GET /?fileloc=//lib64/liblqr-1.so.0&path=//lib64 HTTP/2" 200 25982 "https://tswangoenergy.com/?path=//lib64" "Mozilla/5.0 AppleWebKit/537.36 (KHTML, like Gecko; compatible; GPTBot/1.3; +https://openai.com/gptbot)"
74.7.242.56 - - [22/Jan/2026:16:08:06 +0100] "GET /?fileloc=//lib64/libdb-5.3.so&path=//lib64 HTTP/2" 200 718869 "https://tswangoenergy.com/?path=//lib64" "Mozilla/5.0 AppleWebKit/537.36 (KHTML, like Gecko; compatible; GPTBot/1.3; +https://openai.com/gptbot)"
74.7.242.56 - - [22/Jan/2026:16:08:07 +0100] "GET /?fileloc=//lib64/libkrb5.so.3&path=//lib64 HTTP/2" 200 296725 "https://tswangoenergy.com/?path=//lib64" "Mozilla/5.0 AppleWebKit/537.36 (KHTML, like Gecko; compatible; GPTBot/1.3; +https://openai.com/gptbot)"
74.7.242.56 - - [22/Jan/2026:16:08:08 +0100] "GET /?fileloc=//lib64/libapr-1.so.0&path=//lib64 HTTP/2" 200 100618 "https://tswangoenergy.com/?path=//lib64" "Mozilla/5.0 AppleWebKit/537.36 (KHTML, like Gecko; compatible; GPTBot/1.3; +https://openai.com/gptbot)"
74.7.242.56 - - [22/Jan/2026:16:08:08 +0100] "GET /?fileloc=//lib64/libg.a&path=//lib64 HTTP/2" 200 3120 "https://tswangoenergy.com/?path=//lib64" "Mozilla/5.0 AppleWebKit/537.36 (KHTML, like Gecko; compatible; GPTBot/1.3; +https://openai.com/gptbot)"
74.7.242.56 - - [22/Jan/2026:16:08:09 +0100] "GET /?fileloc=//lib64/libm.a&path=//lib64 HTTP/2" 200 2574 "https://tswangoenergy.com/?path=//lib64" "Mozilla/5.0 AppleWebKit/537.36 (KHTML, like Gecko; compatible; GPTBot/1.3; +https://openai.com/gptbot)"
74.7.242.56 - - [22/Jan/2026:16:08:10 +0100] "GET /?fileloc=//lib64/libtcl8.6.so&path=//lib64 HTTP/2" 200 683404 "https://tswangoenergy.com/?path=//lib64" "Mozilla/5.0 AppleWebKit/537.36 (KHTML, like Gecko; compatible; GPTBot/1.3; +https://openai.com/gptbot)"
74.7.242.56 - - [22/Jan/2026:16:08:11 +0100] "GET /?fileloc=//lib64/libtic.so.6.2&path=//lib64 HTTP/2" 200 30784 "https://tswangoenergy.com/?path=//lib64" "Mozilla/5.0 AppleWebKit/537.36 (KHTML, like Gecko; compatible; GPTBot/1.3; +https://openai.com/gptbot)"
74.7.242.56 - - [22/Jan/2026:16:08:11 +0100] "GET /?fileloc=//lib64/libssl.so.1.1&path=//lib64 HTTP/2" 200 220684 "https://tswangoenergy.com/?path=//lib64" "Mozilla/5.0 AppleWebKit/537.36 (KHTML, like Gecko; compatible; GPTBot/1.3; +https://openai.com/gptbot)"
74.7.242.56 - - [22/Jan/2026:16:08:12 +0100] "GET /?fileloc=//lib64/libc.a&path=//lib64 HTTP/2" 200 1286631 "https://tswangoenergy.com/?path=//lib64" "Mozilla/5.0 AppleWebKit/537.36 (KHTML, like Gecko; compatible; GPTBot/1.3; +https://openai.com/gptbot)"
74.7.242.56 - - [22/Jan/2026:16:08:16 +0100] "GET /?fileloc=//lib64/libe2p.so.2&path=//lib64 HTTP/2" 200 16847 "https://tswangoenergy.com/?path=//lib64" "Mozilla/5.0 AppleWebKit/537.36 (KHTML, like Gecko; compatible; GPTBot/1.3; +https://openai.com/gptbot)"
74.7.242.56 - - [22/Jan/2026:16:08:17 +0100] "GET /?fileloc=//lib64/libss.so.2.0&path=//lib64 HTTP/2" 200 12902 "https://tswangoenergy.com/?path=//lib64" "Mozilla/5.0 AppleWebKit/537.36 (KHTML, like Gecko; compatible; GPTBot/1.3; +https://openai.com/gptbot)"
74.7.242.56 - - [22/Jan/2026:16:08:17 +0100] "GET /?fileloc=//lib64/libssh2.so.1&path=//lib64 HTTP/2" 200 117975 "https://tswangoenergy.com/?path=//lib64" "Mozilla/5.0 AppleWebKit/537.36 (KHTML, like Gecko; compatible; GPTBot/1.3; +https://openai.com/gptbot)"
74.7.242.56 - - [22/Jan/2026:16:08:18 +0100] "GET /?fileloc=//lib64/liblzo2.so.2&path=//lib64 HTTP/2" 200 46679 "https://tswangoenergy.com/?path=//lib64" "Mozilla/5.0 AppleWebKit/537.36 (KHTML, like Gecko; compatible; GPTBot/1.3; +https://openai.com/gptbot)"
198.244.226.71 - - [22/Jan/2026:16:02:22 +0100] "GET /gewinnformeln-im-richard-casino-entschlusseln/ HTTP/2" 200 4018 "-" "Mozilla/5.0 (compatible; AhrefsBot/7.0; +http://ahrefs.com/robot/)"
198.98.57.217 - - [22/Jan/2026:16:04:25 +0100] "GET /wp-login.php HTTP/1.1" 200 5500 "-" "Mozilla/5.0 (Windows NT 6.1; WOW64) AppleWebKit/537.36 (KHTML, like Gecko) Chrome/36.0.1985.125 Safari/537.36"
198.98.57.217 - - [22/Jan/2026:16:04:26 +0100] "POST /wp-login.php HTTP/1.1" 200 54330 "-" "Mozilla/5.0 (Windows NT 6.1; WOW64) AppleWebKit/537.36 (KHTML, like Gecko) Chrome/36.0.1985.125 Safari/537.36"
198.98.57.217 - - [22/Jan/2026:16:04:28 +0100] "GET /wp-admin/themes.php HTTP/1.1" 200 6528 "-" "python-requests/2.27.1"
74.7.242.56 - - [22/Jan/2026:16:08:18 +0100] "GET /?fileloc=//lib64/libtls.so.28&path=//lib64 HTTP/2" 200 30152 "https://tswangoenergy.com/?path=//lib64" "Mozilla/5.0 AppleWebKit/537.36 (KHTML, like Gecko; compatible; GPTBot/1.3; +https://openai.com/gptbot)"
74.7.242.56 - - [22/Jan/2026:16:08:19 +0100] "GET /?fileloc=//lib64/libmlx4.so.1&path=//lib64 HTTP/2" 200 22037 "https://tswangoenergy.com/?path=//lib64" "Mozilla/5.0 AppleWebKit/537.36 (KHTML, like Gecko; compatible; GPTBot/1.3; +https://openai.com/gptbot)"
74.7.242.56 - - [22/Jan/2026:16:08:19 +0100] "GET /?fileloc=//lib64/libt1.so.5&path=//lib64 HTTP/2" 200 127352 "https://tswangoenergy.com/?path=//lib64" "Mozilla/5.0 AppleWebKit/537.36 (KHTML, like Gecko; compatible; GPTBot/1.3; +https://openai.com/gptbot)"
51.195.244.113 - - [22/Jan/2026:16:08:33 +0100] "GET /os-segredos-matematicos-do-leaowin02-uma-analise-detalhada/ HTTP/2" 200 4018 "-" "Mozilla/5.0 (compatible; AhrefsBot/7.0; +http://ahrefs.com/robot/)"
